98895922?
2
What is the ten thousands digit of 497298395?
9
What is the thousands digit of 60867839?
7
What is the thousands digit of 1277622070?
2
What is the ten millions digit of 322001947?
2
What is the ten millions digit of 20704480?
2
What is the millions digit of 36264941?
6
What is the ten thousands digit of 890004885?
0
What is the hundreds digit of 6208339979?
9
What is the thousands digit of 605200054?
0
What is the thousands digit of 722421309?
1
What is the units digit of 4278412045?
5
What is the hundred thousands digit of 751331254?
3
What is the ten millions digit of 108850506?
0
What is the hundreds digit of 4523038713?
7
What is the hundred millions digit of 169513014?
1
What is the ten millions digit of 1213510959?
1
What is the thousands digit of 486807805?
7
What is the ten millions digit of 17078774?
1
What is the thousands digit of 3305363267?
3
What is the tens digit of 555402563?
6
What is the hundred thousands digit of 275877776?
8
What is the millions digit of 9584883?
9
What is the tens digit of 154944778?
7
What is the hundreds digit of 254511074?
0
What is the thousands digit of 126790418?
0
What is the ten millions digit of 3272313919?
7
What is the millions digit of 971270603?
1
What is the ten millions digit of 302584093?
0
What is the hundred thousands digit of 2886558410?
5
What is the ten thousands digit of 25388163?
8
What is the tens digit of 1114271391?
9
What is the ten millions digit of 44787478?
4
What is the hundred millions digit of 4126973336?
1
What is the ten millions digit of 264284046?
6
What is the units digit of 474613930?
0
What is the tens digit of 626934334?
3
What is the ten millions digit of 134996043?
3
What is the hundred thousands digit of 293272767?
2
What is the hundreds digit of 1994631187?
1
What is the hundreds digit of 89267992?
9
What is the thousands digit of 148743622?
3
What is the hundred millions digit of 669493923?
6
What is the ten thousands digit of 5310967843?
6
What is the ten thousands digit of 3177352610?
5
What is the hundred thousands digit of 164309192?
3
What is the hundred millions digit of 1169945972?
1
What is the hundreds digit of 341514575?
5
What is the hundreds digit of 177100064?
0
What is the ten thousands digit of 240503757?
0
What is the hundred thousands digit of 2587272596?
2
What is the tens digit of 28007496?
9
What is the hundred thousands digit of 69659826?
6
What is the hundred thousands digit of 756053301?
0
What is the ten millions digit of 23226501?
2
What is the units digit of 355481202?
2
What is the hundreds digit of 3465775622?
6
What is the tens digit of 111587479?
7
What is the tens digit of 2952555381?
8
What is the ten thousands digit of 836349009?
4
What is the millions digit of 62462228?
2
What is the hundreds digit of 206546682?
6
What is the hundred millions digit of 231759849?
2
What is the millions digit of 77087828?
7
What is the hundreds digit of 129891670?
6
What is the ten millions digit of 221996550?
2
What is the ten millions digit of 1540890724?
4
What is the thousands digit of 5627270697?
0
What is the ten thousands digit of 1606866101?
6
What is the thousands digit of 150661883?
1
What is the ten thousands digit of 455216379?
1
What is the ten thousands digit of 352908233?
0
What is the thousands digit of 196088977?
8
What is the billions digit of 1431758371?
1
What is the hundred thousands digit of 177204282?
2
What is the hundreds digit of 755574011?
0
What is the ten thousands digit of 103829783?
2
What is the hundred thousands digit of 590152724?
1
What is the hundred millions digit of 4897473254?
8
What is the millions digit of 43326741?
3
What is the hundreds digit of 1545887026?
0
What is the tens digit of 144765259?
5
What is the units digit of 39744377?
7
What is the billions digit of 1270242125?
1
What is the tens digit of 74126221?
2
What is the hundreds digit of 51369681?
6
What is the ten millions digit of 58295603?
5
What is the millions digit of 207219884?
7
What is the ten millions digit of 138051603?
3
What is the hundreds digit of 31498683?
6
What is the hundred millions digit of 4625337897?
6
What is the hundred thousands digit of 61553964?
5
What is the ten millions digit of 24277028?
2
What is the tens digit of 5686524?
2
What is the hundred thousands digit of 5648823547?
8
What is the ten millions digit of 47504595?
4
What is the units digit of 323283697?
7
What is the hundreds digit of 1049062562?
5
What is the ten millions digit of 157231965?
5
What is the tens digit of 321494922?
2
What is the units digit of 5272250949?
9
What is the units digit of 41726700?
0
What is the hundred millions digit of 5910870269?
9
What is the thousands digit of 58337456?
7
What is the units digit of 199520316?
6
What is the ten millions digit of 720155643?
2
What is the units digit of 4253639355?
5
What is the hundred thousands digit of 133067878?
0
What is the ten thousands digit of 135531011?
3
What is the units digit of 123851141?
1
What is the units digit of 4680914968?
8
What is the ten millions digit of 50019005?
5
What is the tens digit of 106022511?
1
What is the hundred thousands digit of 1157177354?
1
What is the hundred thousands digit of 16458861?
4
What is the hundreds digit of 710779850?
8
What is the thousands digit of 1419537432?
7
What is the ten millions digit of 470937442?
7
What is the ten millions digit of 1396384264?
9
What is the units digit of 4553737134?
4
What is the ten thousands digit of 16625177?
2
What is the hundred thousands digit of 55574850?
5
What is the thousands digit of 2342449452?
9
What is the hundreds digit of 319914019?
0
What is the tens digit of 429584035?
3
What is the hundreds digit of 14129271?
2
What is the units digit of 84393069?
9
What is the hundred millions digit of 784606367?
7
What is the ten thousands digit of 598023041?
2
What is the units digit of 3530786410?
0
What is the thousands digit of 75482595?
2
What is the hundreds digit of 2210793592?
5
What is the ten thousands digit of 697465504?
6
What is the hundred thousands digit of 3739292010?
2
What is the hundreds digit of 892240500?
5
What is the hundred millions digit of 177568134?
1
What is the thousands digit of 2355572043?
2
What is the ten thousands digit of 362366595?
6
What is the thousands digit of 486477476?
7
What is the hundred millions digit of 143320654?
1
What is the millions digit of 655897680?
5
What is the millions digit of 132310580?
2
What is the ten thousands digit of 350254667?
5
What is the units digit of 962439663?
3
What is the hundred millions digit of 161224015?
1
What is the hundreds digit of 205022704?
7
What is the hundred thousands digit of 110524308?
5
What is the ten thousands digit of 95592158?
9
What is the hundreds digit of 1195223971?
9
What is the hundred millions digit of 349933785?
3
What is the billions digit of 1032853622?
1
What is the millions digit of 65367079?
5
What is the hundred millions digit of 198719989?
1
What is the units digit of 2428887073?
3
What is the tens digit of 11306228?
2
What is the thousands digit of 957832275?
2
What is the units digit of 66958285?
5
What is the ten millions digit of 537935176?
3
What is the tens digit of 54258904?
0
What is the ten millions digit of 346796485?
4
What is the ten millions digit of 3207994845?
0
What is the millions digit of 87191332?
7
What is the millions digit of 249638054?
9
What is the hundreds digit of 46230201?
2
What is the ten thousands digit of 1093502081?
0
What is the hundreds digit of 37633850?
8
What is the hundred thousands digit of 172819031?
8
What is the millions digit of 88943406?
8
What is the hundreds digit of 109322711?
7
What is the hundred thousands digit of 330686933?
6
What is the units digit of 452558033?
3
What is the units digit of 18377702?
2
What is the hundred thousands digit of 36064653?
0
What is the hundred thousands digit of 332714599?
7
What is the billions digit of 5051019861?
5
What is the tens digit of 3264194114?
1
What is the hundred millions digit of 425035254?
4
What is the hundred millions digit of 561603586?
5
What is the hundreds digit of 3242444386?
3
What is the tens digit of 28355424?
2
What is the hundreds digit of 81112115?
1
What is the thousands digit